e prime factors of d?
2, 3, 5, 13
Suppose -d + 27*l = 22*l + 2, -l + 68 = 5*d. Let j(x) = 21*x + 79. List the prime factors of j(d).
2, 11
Let y be (-128)/24*(0 - -3 - 6). Suppose -3*t - 2*v + 2584 = 0, 19*t = y*t - v + 2582. List the prime factors of t.
2, 5, 43
Let m be (-5 - 128/(-24))*(1 + -1). Suppose -5*a + a + y + 4299 = m, -4*y = -a + 1086. List the prime factors of a.
2, 3, 179
Let k be 52/312*(6 + 0). List the prime factors of (1814 - -26) + (-2 - k).
11, 167
Suppose -190291 + 2085730 = 21*u. What are the prime factors of u?
13, 53, 131
Let q(t) = -442*t**3 + 13*t**2 + 9*t - 32. List the prime factors of q(-4).
2, 3, 23, 103
What are the prime factors of (139425330/70)/29 - (-2)/(42/(-9))?
2, 3, 11447
Suppose 1223 - 314 = 3*k + 4*n, 0 = 2*k + 2*n - 608. What are the prime factors of k?
307
Suppose -5*m - a - 4*a = -10, -5*m + 3*a + 42 = 0. Suppose 3*b - 93 + 87 = 0. Suppose b*y = m*y - 356. What are the prime factors of y?
89
Suppose -85*t = 84*t - 1282372. List the prime factors of t.
2, 7, 271
Suppose -5*j + 2*u - 10 = -3*u, 2*j - 31 = -5*u. Suppose 5*z = -0*h - j*h + 1758, 0 = z - 3. List the prime factors of h.
7, 83
Suppose -4*t - 3*g - 2*g = -11175, -2*g = 2*t - 5588. List the prime factors of t.
5, 13, 43
What are the prime factors of -5 + (-4 + 8757 - 3)?
3, 5, 11, 53
Let p(n) = -610*n**3 + 9*n**2 - 10*n + 4. List the prime factors of p(-3).
5, 31, 107
Suppose 2*r - 39 = -3*t, -4*t + 3*r + 88 - 19 = 0. Suppose t*p = 4*p + 13728. List the prime factors of p.
2, 3, 13
Let a(l) = 1878*l + 113. List the prime factors of a(18).
13, 2609
Suppose 3*k - 12 - 2 = -2*d, -d + 2*k + 14 = 0. Let b = -5 - -5. Suppose b = 5*u - 150 - d. List the prime factors of u.
2
Suppose -9*a + 302 + 112 = 0. Suppose f - 2*f + a = 5*y, 0 = -3*y - f + 28. Suppose 0 = y*u - 0*u - 918. List the prime factors of u.
2, 3, 17
Suppose -12*y + 10017 = 28497. Let g = -879 - y. What are the prime factors of g?
661
Suppose 48 - 20 = -z. Let j = z - -29. What are the prime factors of ((-56)/35)/(j*(-2)/160)?
2
Suppose 3 = -2*g - 3*u, 0 = -4*g + 9*g - 4*u - 27. Suppose g*n = 4*r - 2055, 6*r - 11*r + 3*n = -2565. What are the prime factors of r?
2, 3, 5, 17
Suppose -6*i - 913 = 5597. Let y = -520 - i. List the prime factors of y.
5, 113
Suppose 0 = 9*i + 717 - 4074. Let h = i + -124. What are the prime factors of h?
3, 83
Let n(r) = 118*r**2 - 7*r - 26. Let c(m) = -39*m**2 + 2*m + 8. Let o(g) = -7*c(g) - 2*n(g). Let a be 2/(-5) + 24/10. What are the prime factors of o(a)?
2, 3
Let r(k) = k**3 + 40*k**2 - 124*k + 18. Let u be r(-43). Let q = 60 - u. What are the prime factors of q?
257
Let j(r) = r**3 + 13*r**2 + 12*r + 8. Let l be j(-12). List the prime factors of 163419/376 + 3/l.
3, 5, 29
Let n(o) = -11*o - 1. Let v be n(-6). Suppose 0 = -4*m + q + 42 + 173, 0 = 4*m - 2*q - 214. Suppose -49*h - v = -m*h. What are the prime factors of h?
13
Let t = 14339 - -13496. What are the prime factors of t?
5, 19, 293
Suppose -2357*x + 149835 = -2342*x. List the prime factors of x.
7, 1427
Suppose 2*w = -130*o + 135*o - 24930, -4*o - 2*w = -19944. List the prime factors of o.
2, 3, 277
Suppose 4*q = g - 19148, -19*g + 18*g - 9574 = 2*q. Let n = -3285 - q. List the prime factors of n.
2, 751
What are the prime factors of (330/25)/(54/33390)?
2, 7, 11, 53
Suppose 16*r + 41*r = 18*r + 510471. What are the prime factors of r?
3, 4363
Let z(w) = 2661*w**3 + w**2 - 48*w + 99. What are the prime factors of z(3)?
3, 79, 101
Suppose 3*m + 2*g = -m + 2602, 0 = 4*m - 4*g - 2584. Suppose -5*b + m = 6*b. What are the prime factors of b?
59
Let q = 74 + -126. Let i = q + 189. Suppose -i = -4*t + 415. What are the prime factors of t?
2, 3, 23
Suppose -4*c - 3389 - 2607 = 0. Let g = c - -2565. List the prime factors of g.
2, 13, 41
Let v(r) = -9*r**3 - 19*r**2 + 34*r + 54. List the prime factors of v(-12).
2, 3, 31, 67
Let d be -1 + 9 - (-3 - -11). Suppose -40*n + 34*n + 8124 = d. What are the prime factors of n?
2, 677
Let l(y) = -5*y**2 - 6*y - 13. Let c(h) = 6*h**2 + 5*h + 14. Let r(a) = 4*c(a) + 5*l(a). Let i be r(-9). What are the prime factors of 9 + i + 3*1/(-3)?
2
Suppose -4*k + 5*l = 2614, 4*l + 80 - 2040 = 3*k. Let a be (4210/15)/(4/(-6)). Let n = a - k. List the prime factors of n.
5, 47
Let d(n) = 5366*n + 1489. What are the prime factors of d(3)?
43, 409
Let o = -203 - -205. Let z(m) = 85*m**3 - 7*m + 5. List the prime factors of z(o).
11, 61
Let i(t) = 5109*t - 1984. What are the prime factors of i(3)?
11, 1213
Let k = 142915 + -60694. List the prime factors of k.
3, 27407
Let n be 51/6 + (-6)/12. Suppose -n*q + 3523 = 595. List the prime factors of q.
2, 3, 61
Let n = -3104 - -4248. What are the prime factors of n?
2, 11, 13
Suppose -3*h = -5*w + 579, 2*h - 5*w + 777 = -2*h. List the prime factors of (-44)/h + 1526/18.
5, 17
Let d(m) = 53*m**2 + 263*m + 13. What are the prime factors of d(10)?
13, 47
Let w(c) = 22*c**2 - c. Let s(y) = -2*y**2 + 12*y - 8. Let k be s(5). Let l be w(k). Let t = -28 + l. List the prime factors of t.
2, 29
Let u be (30/(-25))/((-6)/10). Let g be 356/(-6) + u/(-3). Let k = g + 124. What are the prime factors of k?
2
Let f be (27/18)/(6/8). Suppose -f*r - 3 = -7. Suppose 446 = -l + 5*l + r*m, 448 = 4*l + 4*m. What are the prime factors of l?
3, 37
Suppose 10*w + 46 = -14. Let b be (-3 + 3)/3 - -15. List the prime factors of 2562/(-35)*b/w.
3, 61
Suppose -1317*b - 36 = -1320*b. What are the prime factors of (6/(b/(-310)))/(2/(-8))?
2, 5, 31
Suppose 3*s = 3*r - 0*s - 990, 3*s = r - 340. Suppose 0 = -2*l - 2*j + 1130, -l - 4*j + 228 = -r. List the prime factors of l.
569
Let u = 259 - 355. Let y = 101 - u. List the prime factors of y.
197
Let v = 159 - -280. List the prime factors of (v + -1)*4/12.
2, 73
Suppose -17*u = -20*u + 6. Suppose 4*z - 34 = -u. What are the prime factors of 8/12*732/z?
61
Suppose -76*y + 75*y = -10992. List the prime factors of y.
2, 3, 229
Let j be (15/35 + 2274/(-63))*-3. Suppose -111*m + 604 = -j*m. List the prime factors of m.
151
Let t = 26236 - 14007. List the prime factors of t.
7, 1747
Let n = 2826 + -986. Suppose 4*l - n - 936 = 0. List the prime factors of l.
2, 347
Suppose -13*s = 11*s - 10320. List the prime factors of s.
2, 5, 43
Let a = 11892 + -753. List the prime factors of a.
3, 47, 79
Suppose -c + z - 8 = 0, -3*c = -5*z + 50 - 16. Let y be ((-4)/(-6))/(c/36). List the prime factors of (-714)/y - (-21)/(-84).
89
Let q = -5862 - -8527. What are the prime factors of q?
5, 13, 41
Suppose -284288 - 495400 = -21*u - 63*u. List the prime factors of u.
2, 3, 7, 13, 17
Let l = -31503 - -56581. What are the prime factors of l?
2, 12539
Let y = -73 - -18. Let u = y - -40. List the prime factors of (57/9)/((-5)/u).
19
What are the prime factors of (-14850)/(-10 - -5) - 14?
2, 739
Suppose 19*k + 30 - 125 = 0. Suppose -k*p = t - 1215, 4*p + 6*t = t + 972. List the prime factors of p.
3
Suppose -5*z + 10688 = 3*k, k - 8543 = -4*z + 6*k. List the prime factors of z.
2137
List the prime factors of 6414/(-4)*79/(8532/(-3312)).
2, 23, 1069
Suppose 4*u = -t + 1 - 4, -14 = -3*u - 4*t. Let v be 4 + (-1)/u*-8. Suppose v*r = -4*r + 340. What are the prime factors of r?
5, 17
Let n(z) = 300*z**2 - z - 4. Let b be n(1). Suppose -u = 4*m - 1558 - b, -4*u + 20 = 0. What are the prime factors of m?
2, 3, 7, 11
Let c be (-15)/(-2)*(-26)/(-39). Suppose 5*q = -15 + c, -4*v = 4*q - 1468. List the prime factors of v.
3, 41
Let r = 10 + 26. Suppose 5*p = -46 + r. What are the prime factors of p - -27 - -4 - 4?
5
Let o(z) = z**2 - 6*z - 91. Let h be o(-7). Suppose -9*i + 14*i - 4*l - 4768 = h, -2*l = i - 962. What are the prime factors of i?
2, 239
List the prime factors of 33838/(-4 + (-441)/(-72) - 3/24).
7, 2417
Let u(m) = 1424*m + 171. List the prime factors of u(37).
52859
Let r = 19998 - 5950. List the prime factors of r.
2, 439
Suppose 0 = 4*r + 2*d + 22, -3*r - 3*d - 13 = -4. Let y be ((-12)/7)/(r/28). Suppose 0 = -y*p - 2*p + 608. What are the prime factors of p?
2, 19
Suppose -45*k - 5988 = -49*k. Suppose 0 = -2*v - 2*g + 606, 5*v + 2*g - k = 3*g. Let a = -146 + v. List the prime factors of a.
2, 7, 11
Suppose 10*d - 29*d = -308750. List the prime factors of d.
2, 5, 13
Let r(t) = 2626*t**2 - 87*t - 269. List the prime factors of r